What is the remainder when 638911/(-3332)*16/(-52) is divided by r?
4
Let g(u) = -2*u**2 + 175*u + 73. Calculate the remainder when g(22) is divided by 2.
1
Suppose 5*l = -11 + 6. What is the remainder when (-3)/l - (9 - 143) is divided by 14?
11
Let o(j) = -j**3 - 5*j**2 + 11*j. Suppose 0 = 5*i + 25, 3 = 2*c - 4*i - 3. What is the remainder when o(c) is divided by 12?
9
Suppose 147 + 98 = 5*l. Suppose 10*a + 73 = 1033. Calculate the remainder when a is divided by l.
47
Let g(j) = -j**3 - 21*j**2 - 47*j - 23. Let h(t) = t - 41. Let u be h(22). What is the remainder when g(u) is divided by 77?
71
Suppose q + f = 5, -2*q + 8*q + 3*f - 27 = 0. Calculate the remainder when 673 is divided by q.
1
Let v be 155/(-4) - 18/(-24). Let i = -4 + v. What is the remainder when 78 is divided by (i/(-10))/(1 - 4/5)?
15
Let m = 37 + -57. Calculate the remainder when 70 is divided by -18*(-8)/m*25/(-10).
16
Suppose s - h = -4*s + 32, -s - 3*h = 0. Suppose 12*c - 180 = s*c. Calculate the remainder when c is divided by 12.
6
Let j = -1869 + 1897. Calculate the remainder when 141 is divided by j.
1
Suppose 122*t - 127*t = 0, 0 = -10*a - 3*t + 900. What is the remainder when 102 is divided by a?
12
Let y be 1*43*(2 + -1). Suppose -2*n = 2*n - j - 39, 3*n = -2*j + y. Calculate the remainder when n is divided by (-1018 - -1014)*(7/2)/(-7).
1
Suppose 66 = 2*n - c, -292*c = -4*n - 293*c + 126. What is the remainder when 79 is divided by n?
15
Suppose 1 + 10 = x + 3*c, -3*c - 4 = -2*x. Suppose k - 90 = -x*k. Calculate the remainder when 222 is divided by k.
12
Suppose -120*d = 3*w - 119*d - 357, 5*w + 3*d - 587 = 0. What is the remainder when 325 is divided by w?
83
Calculate the remainder when 156 + (4 - (64/6 - (-14)/(-21))) is divided by 124.
26
Suppose g = -3*z + 822, 361*g - 364*g + 2522 = z. Calculate the remainder when 2543 is divided by g.
14
Suppose 79*i = -69*i + 138*i + 1920. Calculate the remainder when i is divided by 28/5 - 12/20.
2
Let n = -1060 + 1082. Suppose -1644*p + 1640*p + 3600 = 0. Calculate the remainder when p is divided by n.
20
Let q(o) = 101*o + 3. Suppose 4*i - 9 = 99. Let d be i/36 - ((-14)/(-8) - 2). What is the remainder when q(d) is divided by 35?
34
Let i = -24 - -89. Suppose -62*q = -i*q + 60. What is the remainder when (-594)/(-16) - 11/88 is divided by q?
17
Calculate the remainder when 524 is divided by 2335/8 + -15*1 + (-6050)/(-400).
232
Let l be (2 + -1 - 4) + 1 + 1. Let c be (-8 - l)/(0 - 2/10). Suppose -c*t + 38*t = 135. Calculate the remainder when t is divided by 16.
13
Let c be ((1 + -7)/(-3) - 3) + 5. Calculate the remainder when 154 is divided by 29 + (-4 - -2 - c).
16
Suppose 5016 = -4240*q + 4262*q. Calculate the remainder when 904 is divided by q.
220
Let a = -8349 + 8410. What is the remainder when 238 is divided by a?
55
Let r be (3 - 0)*(-6)/(-18)*130. Suppose 484 = 6*x + r. What is the remainder when x is divided by 26?
7
Let i = -3908 - -4781. What is the remainder when i is divided by 23?
22
Let m(p) be the third derivative of -6*p**5/5 + p**4/12 - p**3/6 - 33*p**2. Let l be m(1). Let x = l - -80. What is the remainder when 33 is divided by x?
6
Let i(m) = -12*m**2 + 87*m - 331. Let h(b) = -8*b**2 + 58*b - 221. Let x(r) = -8*h(r) + 5*i(r). What is the remainder when x(5) is divided by 9?
5
What is the remainder when 1139 is divided by (216/(-10))/(510/(-9350))?
347
Suppose -q - 9 + 45 = 2*f, f - 2*q - 23 = 0. Let t(b) = 36*b - 1. What is the remainder when t(1) is divided by f?
16
Let j = -985 + 384. Let n = j - -625. Suppose 0 = -2*p + 3*h + 577, 2*h = 4*p - h - 1151. What is the remainder when p is divided by n?
23
Let s be 50/12 - 50/(-60). Suppose -4*b + 118 = s*x - 2*x, -b - 2*x + 32 = 0. What is the remainder when b is divided by 5?
3
Let j = 7684 + -6467. What is the remainder when 4876 is divided by j?
8
Suppose 2*d = -4*o - 895 + 2921, -3*d + 2*o = -3071. Calculate the remainder when d is divided by 116.
93
Let l be 11*-4*3/(-6)*1. Let w = l + 29. Suppose 0 = 2*j + 3*m - 3 - 10, 46 = 4*j + 2*m. Calculate the remainder when w is divided by j.
9
Suppose 10*m - 14*m = -104. Let r(t) = -t**2 + 9*t + 1. Let s be r(9). Let i(d) = 6*d**3 - d**2 + 2*d - 1. What is the remainder when m is divided by i(s)?
2
Let d(z) = -2*z**3 - 88*z**2 - 86*z + 10. What is the remainder when 968 is divided by d(-43)?
8
Let f(g) = 8*g - 4. Calculate the remainder when f(4) is divided by (3/(648/144))/(-2 + 184/90).
13
Calculate the remainder when 2942 is divided by 12 + 0 - (-77)/7.
21
Let l = 7 - 0. Suppose a = -5 + l. Suppose -3*b = 4*o - 141, -162 = -3*b + o + a*o. Calculate the remainder when b is divided by 18.
15
Let n = -6844 + 6934. What is the remainder when n is divided by 7?
6
Suppose -3*p + 3*z + 195 = -177, 0 = 2*p + 3*z - 263. Let w = 132 - p. Calculate the remainder when 16 is divided by w.
1
Calculate the remainder when (10/15)/(6/(-45))*(-120)/3 is divided by 28.
4
Let h be (-9)/6 + 6 - (-1)/2. Suppose -5*r - 615 = -h*a - 6*r, 25 = 5*r. Suppose 6*s = 34 + a. Calculate the remainder when 73 is divided by s.
21
Let k(m) = -7*m + 1. What is the remainder when -5 + 12/((-333)/(-66) - (-35 + 40)) is divided by k(-3)?
17
Suppose -4 = g, 3*a = -5*g - 3 - 2. Suppose 0 = 4*f - q - 338 + 34, -a*f - 5*q + 405 = 0. Calculate the remainder when f is divided by 32.
13
Let h be (-4 - (4 - 11))/(12/(-32)). Calculate the remainder when (-70)/3*(5 + 52/h) is divided by 3.
2
Let b = 41 + 5. Calculate the remainder when (-101)/(50904/(-45920)) - (-2)/(-18) is divided by b.
45
Suppose -40 = -0*q + 10*q. Let w = 291 - 288. What is the remainder when w is divided by (4/q)/(4/(-8))?
1
Let w(i) = -6*i**3 + 2*i**2 - i - 2. Let u be ((-2)/(-4))/(1*1/(-2)). Let r be w(u). Calculate the remainder when 16 is divided by 93/r + (-22)/77.
3
Let o(q) = -6*q**2 + 42*q - 2. Let m be o(7). Let x(p) = 21*p**2 - 7*p - 6. What is the remainder when x(m) is divided by 5?
2
Let a(w) = -72*w - 820. Let u(z) = -2*z**2 + 45*z + 38. What is the remainder when u(19) is divided by a(-12)?
39
Let v(a) = 719*a**2 - 53*a. Calculate the remainder when v(1) is divided by 42.
36
Let g = -18 + 18. Suppose g = h - 0*h + 421. Let v = 690 + h. What is the remainder when v is divided by 45?
44
Suppose -4*c = -y + 2, -45*c = -3*y - 37*c + 6. What is the remainder when 1428 is divided by y?
0
Let w(o) be the first derivative of -11*o**2/2 + 248*o - 160. Calculate the remainder when 220 is divided by w(19).
25
Suppose 4*c = 12 - 4. What is the remainder when 58 + (c - 0) + 1 is divided by (2 - (-95)/30)*6*1?
30
Suppose 0 = 3*m + 2*w - 582, 9*m - 5*w = 13*m - 776. What is the remainder when m is divided by 73?
48
Let w be (-102)/(-8) + (-105)/140. What is the remainder when 309 is divided by w + 53 - (-6)/(-2)?
61
Calculate the remainder when 1544 is divided by ((-5)/2)/(((-95)/(-30))/(-19)).
14
Calculate the remainder when ((-1328)/(-498))/(8/174) is divided by 2/(-4) + (-31)/(-2).
13
Suppose 5*s - 515 = -688*m + 683*m, -2*m = -2*s + 234. Let r = -6 - -36. Calculate the remainder when s is divided by r.
20
Let d = 54 - 49. Suppose -344 = -4*q - 3*f, -d*q + 431 = 4*f - 0*f. What is the remainder when q is divided by 28?
27
Let b(m) = -m**3 - 28*m**2 - 53*m - 27. Let k be b(-26). What is the remainder when -92 + 229 + (k - 6) is divided by 67?
63
Let y = 11320 - 9190. Calculate the remainder when y is divided by 20.
10
Suppose -s + 662 = 3*z, -174*z + 177*z + 2723 = 4*s. Calculate the remainder when s is divided by 3.
2
Suppose 3*v = -l + 216, 0 = -v + 53*l - 49*l + 98. Calculate the remainder when 667 is divided by v.
1
Let u be (-2)/24*-4 - 8/(-3). Suppose 4*q - u = 21. Let s(m) = 2*m**3 - 8*m**2 + m - 4. What is the remainder when s(q) is divided by 30?
26
Suppose -4*i - 64 = 4*y - 12, -10 = -5*y. Let a = i + 32. Suppose a = t - 11. Calculate the remainder when 71 is divided by t.
15
Let u(y) = 6*y + 111. Calculate the remainder when 972 is divided by u(-16).
12
Suppose -10*s + 31059 = 251*s. Calculate the remainder when 456 is divided by s.
99
Suppose -4*h - 162 = -13*h. Suppose -6*z + 3*z - h = 0. What is the remainder when 1 + 71 - (-10 - z) is divided by 13?
11
Suppose -2*t + 96 = l - 16, 0 = -2*l - 37 + 61. Let w(o) = -23*o - 5. What is the remainder when w(-5) is 